*x - 1 - 8*x - 7*x. Let g be y(16). Is -1 + -3 - (g + 9) composite?
False
Let l = 320 + 105. Suppose 6216 = 4*p - 5*f, -5110 = -3*p - 2*f - l. Is p composite?
False
Let g(k) = -k. Suppose -2*m - 4*b - 21 + 7 = 0, 0 = -2*m + 5*b + 22. Let h(q) = -565*q - 3. Let l(j) = m*h(j) - 6*g(j). Is l(-2) a composite number?
True
Suppose 12599 = 5*m + 184. Is m composite?
True
Let d(v) = -911*v**2 + v - 1. Let r be d(2). Let j(m) = 8*m - 21. Let g be j(15). Is r/(-11) + (-18)/g composite?
False
Suppose 4*y - 17*y + 80327 = 0. Is y prime?
False
Let o(s) = -28*s**3 + 5*s**2 + 11*s + 21. Is o(-7) composite?
True
Suppose -2*f - r = -2207 - 2798, -f - 5*r = -2498. Is f prime?
True
Is -30 - -508 - 2/(-2) a prime number?
True
Suppose -7*c + 4618 = -4*c - 5*d, 3*d = -c + 1558. Is c a composite number?
True
Let n(v) = 7*v**3 - 11*v**2 - v - 8. Is n(9) prime?
False
Let j(h) = 42*h - 121. Is j(24) a prime number?
True
Let x be 14 - 2 - 6/(-3). Suppose 0*c = 2*c - x. Is (-4)/14 - (-2305)/c a composite number?
True
Let i = -23677 - -41550. Is i a prime number?
False
Let s(i) = 17*i**2 + 25*i - 27. Is s(-13) a prime number?
True
Let d(u) = 81*u**2 + 3*u - 1. Let h be (-3540)/(-132) - (-4)/22. Let a = h - 30. Is d(a) composite?
False
Suppose -9*i + 24 = -6*i. Suppose 2*v - i = -3*x, -5*v + 27 - 7 = -x. Suppose -6*u = -u - v*g - 302, -5*g - 247 = -4*u. Is u composite?
True
Let g = 3240 - -125. Is g prime?
False
Let t(r) = 5 - r + 9*r + 34*r**3 + 45*r**2 - 49*r**2. Is t(4) prime?
False
Let k = 8284 + -2873. Is k prime?
False
Let d be (-1)/((-2)/64*-2). Let z = d - -20. Suppose 2*n + 3*l = z*n - 500, 4*n = 2*l + 1008. Is n composite?
True
Is (-12 - -21) + 7*1232 composite?
True
Suppose 2*t + 6 = 5*t. Suppose -3*h + 1656 = -3*a, 0 = t*h + 2*a + a - 1109. Is h prime?
False
Let n(s) = -2*s**3 - 4*s**2 + 4*s + 5. Suppose 0 = -v + 3*v + 12. Is n(v) prime?
True
Let s(j) = 5*j - 14. Let x be s(4). Let i be 32/x + (-1)/3. Is i*((-291)/(-15) + -4) composite?
True
Let s be (14 - -1)/((-2)/6). Let h be (-1 - (-8)/16)*-3294. Is 18/s - h/(-5) prime?
False
Suppose 0 = 21*m - 25171 - 15758. Is m prime?
True
Let o(w) = -27*w + 12. Let h(d) = 107*d - 48. Let p(l) = -2*h(l) - 9*o(l). Let q be p(5). Suppose -2*b + q + 139 = 2*u, u = 3*b - 396. Is b a prime number?
False
Let a be (-33657)/(-91) - 2/(-14). Suppose 126 = -s - 2*i, 3*s = -i - 3*i - a. Let x = s - -204. Is x prime?
False
Let u(g) = g**2 - 6*g - 35. Let z be u(10). Suppose -z*v + 9860 = 1165. Is v prime?
False
Suppose 4*q = 5*a + 37486 + 5598, 5*q + 3*a - 53855 = 0. Is q composite?
False
Suppose 7983 = 10*l - l. Is l composite?
False
Is (3118/6)/((-25)/(-75)) a composite number?
False
Let f(y) = -y**3 - 9*y**2 + 8*y - 17. Let l be f(-10). Suppose -t - 778 = -5*o, -l*o + 471 = -0*o - 2*t. Is o prime?
False
Suppose 9914 = 6*w - 17008. Is w a composite number?
True
Suppose -2*n - 9 + 27 = -w, 0 = -2*n + 4*w + 18. Let y be (-12)/(-54) + 34/n. Is (-1074)/(-8) - 1/y a composite number?
True
Suppose 66 + 207 = -7*p. Let z = -73 + 13. Let y = p - z. Is y prime?
False
Let k = 10016 + -5725. Is k composite?
True
Let l = 99209 - 62988. Is l a prime number?
False
Is ((-22)/(-3) - 8)/(6/(-383283)) a prime number?
False
Suppose 2*h + 21 = h - 5*l, -5*l - 5 = 5*h. Suppose -7*m - r = -2*m - 46, 52 = h*m - 3*r. Is m prime?
False
Let c = -2 + 21. Suppose -5*l + 6 + c = 0. Let y(b) = 2*b**3 - 2*b**2 + 2*b - 9. Is y(l) a prime number?
False
Let w(h) = 2*h**2 - 4*h - 1. Let f = 8 - 4. Let m be w(f). Is 4/3 + 40/m composite?
True
Suppose -349 = -3*t + 899. Suppose -4*p - 3*y = -5*y - t, 2*p = -4*y + 208. Suppose p = -5*k + 429. Is k prime?
False
Let s(o) = 3*o**3 - 4*o**2 - o - 13. Let l(j) = -j**3 + 2*j**2 + j + 6. Let y(z) = -5*l(z) - 2*s(z). Let b be y(-2). Is (696/72)/(b/66) a composite number?
True
Let z = 28 + -39. Let q be (-2)/z + 22653/99. Suppose -h + q = -814. Is h a prime number?
False
Let l(x) = -257*x - 2. Let d be l(-10). Suppose -1005 - d = -3*m. Suppose -p - 2*p + m = 0. Is p prime?
True
Suppose 22*m = -8*m + 116010. Is m composite?
True
Let d(w) = -w**3 + 2*w - 2. Let a be d(2). Let x(i) = -i**3 - 5*i**2 + 4*i - 8. Let b be x(a). Suppose b*y - 98 = -3*c, -4 = -c + 3*c. Is y a prime number?
False
Suppose -2*k - 5*v + 4275 = 0, 6 = -2*v - 0*v. Suppose 4*y - 5*s = -s + 8628, y + 5*s - k = 0. Is y prime?
False
Suppose 2*x - 4*a = 18, 4*x - 2*a + 86 = 8*x. Is x a prime number?
True
Let x(r) = 9*r + 67. Let y be x(-8). Is 965 - (1 + y + 2) composite?
False
Let s be 2*(4 + (-12)/4). Is (-5526)/(-12)*s/3 a prime number?
True
Let k = 11344 + -4923. Is k a prime number?
True
Let k be 12/(-10)*(-80)/24. Suppose -5*w + 5*d + 1263 = 3*d, -k*w + 3*d + 1016 = 0. Is w a composite number?
False
Let v = -3793 + 5682. Is v a prime number?
True
Let c(f) = 380*f - 39. Is c(4) prime?
True
Suppose 4*d = -d + 25. Let u be (-1228)/d*(-30)/12. Suppose 5*n + u = 7*n. Is n a composite number?
False
Let g(d) = -d - 8. Let s = 14 - 26. Let q be g(s). Suppose 1244 = -0*h + q*h. Is h prime?
True
Suppose -3*r - 18415 = -5*o, 27*o - 28*o - 4*r = -3683. Is o a composite number?
True
Suppose -3*i = j - 0*j - 272, -3*j = 4*i - 356. Let y be i/161 + 6/14. Is (-5)/5 + y*354 composite?
False
Let u = -30 + 23. Let l(t) = t**3 + 10*t**2 - 10*t + 6. Is l(u) a composite number?
False
Let d be -404*((-20)/16 + 1). Let t(h) = -14 + 1 + 0 + d*h + 0. Is t(10) a prime number?
True
Suppose 0 = -2*c + 2*k + 4, -2*c - 3*c = k + 2. Suppose c = -5*z - 2*z + 11459. Is z a composite number?
False
Let m = 63 - 63. Suppose 9*q + m*q - 9369 = 0. Is q a composite number?
True
Let z(l) = -5*l**2 + 140*l + 12. Is z(5) prime?
True
Let s = 22962 - 10109. Is s composite?
False
Suppose 2*k + 3*p = 391214, -4*p + 20 = p. Is k a prime number?
False
Let j be (-2)/(-3)*(15 + -12). Is 451 + 3 + (-1 - j) a prime number?
False
Let v be 3/((-36)/(-16))*21/14. Let k = -8 + 12. Suppose 153 = 4*g - v*m - 323, m = k. Is g a prime number?
False
Suppose 12*u - 9*u = 393. Is u a composite number?
False
Let x(s) = -s**2 + 5*s - 6. Let b be x(4). Let y = 0 - b. Suppose d = -y*d + 435. Is d a composite number?
True
Suppose -t + 1 - 3 = 0. Let u = 3 - t. Is (-1 + u)/(-2) - -36 a prime number?
False
Suppose -5*a - 17*a = -506. Is a composite?
False
Suppose 5*o = -5*m + 965, -2*o + 2*m + 136 = -266. Suppose -5*b + 250 = -5*i, 0*i - i - o = -4*b. Is b prime?
False
Suppose 11*y - 14*y = -18. Suppose 0 = y*m - 60 - 12. Suppose -199 = m*x - 13*x. Is x a prime number?
True
Suppose -5*r + 12 = 27. Let k be 694*(r + 20/8). Let p = -142 - k. Is p a prime number?
False
Suppose -1829 = -s - 3*o, -5*o - 3642 = -2*s - 3*o. Is s a prime number?
True
Let i(u) = u**2 - 11. Let d be i(-4). Suppose t - 4*z - 3504 = -3*t, 2*t - d*z = 1767. Is t a prime number?
False
Suppose 12*q - 3*c = 9*q + 17331, 4*q = -3*c + 23122. Is q composite?
False
Let u(q) = 10*q**3 + 2*q**2 - 14*q + 5. Let i(r) = -r**3 - r**2 + r + 1. Let c(b) = 6*i(b) + u(b). Is c(5) prime?
False
Let v(t) = 217*t - 321. Is v(34) prime?
True
Suppose 3*a - 8*a - 5*r = 50, -a = 4*r + 16. Let u be 8 + 0 + 20/(-4) + -1. Is u/a + 1653/4 a composite number?
True
Suppose 2 = -d + 2*d, 0 = 3*i - d - 787. Is i prime?
True
Let p = 4 - 2. Suppose p*t + 1 = 17. Is -2*(3 + (-868)/t) prime?
True
Let z(h) = -6 + 0*h**3 - 6*h + 2*h**3 + 3*h**2 + 2*h**3 - 3*h**3. Let x be z(-4). Is -5 + x + 228 + -2 a composite number?
False
Suppose -4*y - 3*x + 4 - 52 = 0, 0 = 5*x + 20. Let t be (-1)/3 - 3/y. Suppose 0 = 5*r + 3*v, t*v + 14 = 3*r - v. Is r composite?
False
Let b = 25 + -21. Suppose v - 6 = -4*u + 10, -b*u + 24 = -v. Suppose -2*a - 1024 = -4*i + a, u*i + 2*a - 1303 = 0. Is i a prime number?
False
Let n(j) = 3*j**2 - 5*j - 4. Let x be n(-1). Is 529/2 - (4 + (-18)/x) composite?
True
Suppose 4*v = -25*b + 22*b + 5096, 4 = -b. Is v a prime number?
True
Suppose -2*h + 0*h + 2*j + 14 = 0, 5*h = 2*j + 47. Suppose -8*z - 6015 = -h*z. Is z prime?
False
Is (10821/9)/((-9)/(-27)) a composite number?
False
Let y(h) = 7*h**2 + 5*h - 3. Let m(q) = 6*q**2 + 5*q - 2. Let t(o) = 6*m(o) - 5*y(o). Let d be t(-10). Suppose -d = -x + 50. Is x a composite number?
False
Suppose -6*j - 8 + 92 = 0. Suppose -2*w - 2*t = -j, -6*w - 3*t = -w - 41. Let o(a) = -a**3 + 11*a**2 + 7*a + 9. Is o(w) prime?
True
Let l be (-6